ate r(3).
-7
Let r(k) = 2*k - 31. Give r(20).
9
Let n(h) = -2*h**2 + 43*h - 47. Calculate n(20).
13
Let m(j) = -2*j**3 - 5*j**2 - j. Give m(0).
0
Let u(m) = m**2 - 6*m - 11. Determine u(6).
-11
Let d(r) = r**3 + 11*r**2 + r - 1. Give d(-11).
-12
Let m(z) = z**2 + 3*z - 11. Calculate m(3).
7
Let f(v) = -4*v - 43. Calculate f(-10).
-3
Let h(u) = -49*u. Give h(1).
-49
Let a(p) = p**3 - 5*p**2 - 4. What is a(4)?
-20
Let g(q) = q + 4. Calculate g(-9).
-5
Let t(d) = -d**2 + d + 31. What is t(6)?
1
Let y(l) = l**2 - 2. Calculate y(-3).
7
Let r(d) = -d**3 - 15*d**2 - 25*d + 4. Determine r(-11).
-205
Let k(t) = t**2 + 10*t - 8. Determine k(-7).
-29
Let g(r) = -5*r - 17. What is g(-19)?
78
Let q(m) = -m**3 - 12*m**2 + 5*m + 41. Determine q(-12).
-19
Let x(w) = -w**2 + 18*w + 5. What is x(17)?
22
Let r(v) = 5*v + 1. Give r(-2).
-9
Let x(v) = -8*v - 57. Give x(-3).
-33
Let h(v) = -3*v + 22. What is h(13)?
-17
Let b(s) = s**2 + 3*s + 4. Give b(-3).
4
Let q(c) = -c**3 - c - 2. Calculate q(3).
-32
Let k(q) = 19*q + 1. Give k(2).
39
Let g(d) = 6*d + 103. Give g(-17).
1
Let q(k) = -k**2 + k + 8. What is q(0)?
8
Let q(s) = 4*s**2 + 3*s - 3. Calculate q(-4).
49
Let j(q) = 2*q**2 + 22*q + 22. Give j(-9).
-14
Let s(x) = -x + 12. Determine s(9).
3
Let b(v) = -30*v - 209. Give b(-7).
1
Let k(t) = t**2 - 17*t - 1. Calculate k(15).
-31
Let s(a) = -5*a**2 + 2*a + 10. Determine s(-3).
-41
Let p(g) = -g**2 + 2*g + 9. Give p(-4).
-15
Let z(g) = 2*g**2 - 15*g - 6. Calculate z(7).
-13
Let g(r) = 2*r - 19. Give g(32).
45
Let p(d) = -3*d + 1. Determine p(1).
-2
Let u(q) = q**2 - 4*q - 2. What is u(-4)?
30
Let d(k) = -4*k - 6. Give d(-4).
10
Let o(z) = -8*z + 100. Calculate o(12).
4
Let p(o) = -10*o + 15. Determine p(4).
-25
Let c(g) = 2*g - 21. Give c(10).
-1
Let i(o) = -6*o + 5. Determine i(1).
-1
Let s(u) = u**3 + 5*u**2 - 16*u - 6. Determine s(-7).
8
Let n(s) = -s + 5. Give n(-3).
8
Let b(p) = p**3 + 8*p**2 + 7*p + 4. Determine b(-7).
4
Let l(f) = 2*f**3 + 10*f**2 - f + 2. Determine l(-5).
7
Let v(d) = -2*d**2 - 14*d + 2. Give v(-9).
-34
Let x(c) = c**2 - 55*c + 294. What is x(49)?
0
Let o(p) = -4*p - 5. Determine o(1).
-9
Let x(n) = 42*n**3 - 1. Give x(1).
41
Let x(r) = r**3 + 11*r**2 + 23*r - 17. Determine x(-8).
-9
Let f(h) = 27*h + 1. Determine f(-1).
-26
Let b(j) = -2*j - 3. Give b(5).
-13
Let w(m) = -3*m**2 + 7*m - 19. What is w(4)?
-39
Let v(j) = -j**2 + 32*j - 247. What is v(18)?
5
Let c(o) = -3*o**2 - 20*o - 10. Determine c(-5).
15
Let p(t) = 6*t + 10. What is p(-9)?
-44
Let o(x) = -6*x**2 - 2*x + 7. Determine o(3).
-53
Let l(c) = c**3 + 9*c**2 - 7*c + 9. Determine l(-10).
-21
Let a(m) = -5*m + 1. Calculate a(3).
-14
Let b(m) = -m**3 + 13*m**2 - 12*m - 20. Calculate b(12).
-20
Let a(q) = 5*q + 10. Calculate a(-9).
-35
Let p(u) = u - 11. Determine p(11).
0
Let f(u) = u**3 - 26*u**2 - 24*u - 25. Calculate f(27).
56
Let p(k) = 16*k + 4. What is p(-1)?
-12
Let m(s) = 15*s + 24. Calculate m(-3).
-21
Let l(b) = -b + 4. Give l(4).
0
Let c(p) = -2*p + 4. Calculate c(6).
-8
Let k(z) = -z**3 + 5*z**2 - 3*z + 22. Calculate k(5).
7
Let w(l) = -2*l + 2. Determine w(-6).
14
Let v(t) = 3*t**3 - t**2 + 4*t + 5. Determine v(-2).
-31
Let m(a) = a**3 + 18*a**2 + 17*a + 12. What is m(-17)?
12
Let q(v) = 10*v + 7. Calculate q(-4).
-33
Let m(v) = v - 2. Calculate m(5).
3
Let r(i) = i + 5. Determine r(-9).
-4
Let v(d) = -5*d + 29. Calculate v(7).
-6
Let o(k) = -k**2 - 18*k - 45. What is o(-15)?
0
Let k(u) = u**2 - 2. Determine k(-4).
14
Let c(p) = -p**2 - 20*p + 17. Give c(-9).
116
Let z(u) = 5*u + 43. Calculate z(-7).
8
Let f(d) = 2*d**2 + 11*d - 22. What is f(-7)?
-1
Let l(n) = n**3 + 11*n**2 + 10*n - 14. What is l(-10)?
-14
Let y(j) = 2*j - 17. What is y(9)?
1
Let p(o) = -o**3 + 5*o**2 + 6*o + 5. What is p(-3)?
59
Let d(n) = 2*n**2 + 7*n - 1. What is d(0)?
-1
Let h(d) = 3*d**3 - 42*d**2 + 2*d - 32. Give h(14).
-4
Let x(m) = -11*m - 2. Calculate x(10).
-112
Let f(h) = h**2 - 14*h - 21. Calculate f(16).
11
Let l(k) = 10*k + 96. Determine l(-9).
6
Let o(y) = 2*y**3 - 7*y**2 - 5*y + 5. What is o(4)?
1
Let v(u) = -11*u**3 - 2*u**2 + 3*u + 2. What is v(2)?
-88
Let p(b) = -b + 7. Calculate p(-2).
9
Let n(r) = -r**2 - 11*r - 5. Give n(-5).
25
Let i(v) = -v**3 + 20*v**2 + 23*v - 50. Determine i(21).
-8
Let p(j) = 2*j**3 + 29*j**2 - 86*j - 7. Calculate p(-17).
10
Let k(z) = 3*z**2 + 53*z - 42. Determine k(-18).
-24
Let c(s) = -4*s - 4. Give c(-6).
20
Let q(h) = -4*h - 20. Calculate q(-6).
4
Let f(i) = i**3 + i**2 - 107*i - 218. Calculate f(-2).
-8
Let c(k) = k**3 - 4*k**2 + 6. Calculate c(5).
31
Let m(u) = 2*u**2 + 3*u - 48. What is m(0)?
-48
Let y(j) = 2*j**2 - 17*j + 8. Give y(8).
0
Let t(y) = 8*y + 12. Determine t(-5).
-28
Let b(j) = -2*j**2 - 16*j - 17. What is b(-6)?
7
Let o(a) = 4*a + 50. Determine o(-11).
6
Let l(p) = -p**3 + 10*p**2 - 2*p + 21. Calculate l(10).
1
Let f(w) = w**3 + 5*w**2 - 4*w - 4. Give f(-4).
28
Let k(j) = j**3 - 3*j**2 + 2*j + 1. Give k(3).
7
Let s(f) = -2*f**2 + 6*f + 11. What is s(5)?
-9
Let n(q) = -q**3 - 27*q**2 - 50*q - 2. Calculate n(-25).
-2
Let q(v) = -v + 10. Calculate q(-9).
19
Let g(n) = -n**3 - 9*n**2 - 3*n - 11. Give g(-8).
-51
Let r(i) = -i**3 - 10*i**2 - 8*i + 15. Determine r(-9).
6
Let m(l) = 7*l - 81. Determine m(11).
-4
Let y(d) = -2*d + 1. Calculate y(-12).
25
Let a(s) = -s**3 + 7*s**2 - 11*s + 18. Give a(6).
-12
Let l(b) = -8*b - 6. What is l(1)?
-14
Let f(p) = 12*p - 1. Determine f(1).
11
Let f(d) = -13*d - 1. Calculate f(-1).
12
Let f(m) = 28*m + 16. Give f(-1).
-12
Let z(s) = -s**2 - 13*s + 27. Give z(-13).
27
Let j(c) = c**2 + 4*c - 35. Give j(-8).
-3
Let o(w) = -2*w**2 + 8*w - 7. Determine o(5).
-17
Let c(f) = f**2 + 6*f - 4. Give c(3).
23
Let q(w) = -3*w - 33. Calculate q(-11).
0
Let w(t) = t**2 - t - 5. What is w(-4)?
15
Let h(o) = o**3 - 10*o**2 + 2*o + 5. Calculate h(10).
25
Let l(c) = -c**3 - 8*c**2 - 4*c - 1. Determine l(-7).
-22
Let w(y) = y**2 - 12*y - 8. Calculate w(13).
5
Let k(z) = 33*z + 1. What is k(-2)?
-65
Let f(d) = d**3 - 10*d**2 + 7*d - 9. Calculate f(7).
-107
Let i(u) = u**3 + 5*u**2 - 13*u + 14. Give i(4).
106
Let k(o) = o**3 + 10*o**2 + 3*o + 7. What is k(-10)?
-23
Let z(m) = -3*m - 16. Give z(-3).
-7
Let z(v) = 12*v - 50. What is z(4)?
-2
Let m(j) = -j**3 + 6*j**2 - 3*j + 12. Give m(6).
-6
Let m(r) = 2*r**3 + 9*r**2 - 1. What is m(-6)?
-109
Let a(u) = 8*u - 2. Calculate a(4).
30
Let a(p) = p**2 - 178*p - 542. What is a(-3)?
1
Let m(o) = -3*o + 12. Give m(10).
-18
Let p(w) = -5*w**2 + 3*w + 2. Give p(-1).
-6
Let k(l) = 2*l**2 + 4*l - 3. Determine k(-5).
27
Let y(q) = -q + 5. Give y(-7).
12
Let g(q) = 10*q + 136. Determine g(-13).
6
Let l(j) = j**3 - 32*j**2 + 31*j + 3. What is l(31)?
3
Let l(q) = q**3 - 8*q**2 + 10*q + 5. What is l(6)?
-7
Let h(g) = 4*g**2 + 17*g + 9. Give h(-9).
180
Let i(z) = z**2 - 3*z - 8. Determine i(4).
-4
Let u(o) = o - 20. Calculate u(2).
-18
Let p(f) = 3*f + 15. What is p(-3)?
6
Let a(d) = d + 9. What is a(-24)?
-15
Let d(i) = i**3 - 14*i**2 + 40*i - 2. Calculate d(10).
-2
Let o(m) = 2*m**3 + 2*m**2 - m - 3. Calculate o(3).
66
Let t(h) = -11*h - 1. What is t(-1)?
10
Let q(r) = r**3 - 4*r**2 - r - 25. Give q(0).
-25
Let z(k) = 34*k + 171. Give z(-5).
1
Let j(w) = -w**2 - 8*w + 7. What is j(-7)?
14
Let b(l) = 4*l**3 + 2*l + 2. Give b(-1).
-4
Let f(s) = -s**3 + 18*s**2 - 78*s - 20. Determine f(10).
0
Let w(p) = -p**2 + 12*p - 9. Calculate w(8).
23
Let h(n) = n**2 + 11*n. Calculate h(-8).
-24
Let j(y) = -3*y - 8. What is j(-6)?
10
Let t(h) = h**2 - 19*h + 26. What is t(18)?
8
Let u(b) = -3*b - 2. Calculate u(-2).
4
Let k(d) = -24*d + 583. Give k(24).
7
Let c(k) = k**3 - 9*k**2 - 9*k - 3. Give c(10).
7
Let h(s) = 2*s**3 + 72*s**2 - 2*s - 78. Calculate h(-36).
-6
Let i(k) = -k - 2. Give i(16).
-18
Let j(z) = z**3 - 4*z**2 + 5*z - 3. Determine j(5).
47
Let a(o) = -o**2 + 11*o + 4. Calculate a(12).
-8
Let p(i) = i**3 + 2*i**2 + 2*i - 4. Give p(-3).
-19
Let d(c) = -c**2 - 3*c + 25. Determine d(-6).
7
Let i(c) = -c**2 - 13*c - 17. Give i(-6).
25
Let z(y) = 6*y - 145. Calculate z(21).
-19
Let o(y) = -y**2 + 8*y - 5. Give o(7).
2
Let s(m) = m**2 + 8*m - 4. Calculate s(-9).
5
Let i(a) = -a**3 + 11*a**2 - 11*a + 10. Calculate i(10).
0
Let u(q) = 3*q - 4. Give u(4).
8
Let j(b) = -b**3 - 3*b**2 - 2*b - 3. G